ivative of u(t). Calculate x(-1).
4
Let x(f) = 2*f + 43. Let o(y) = 3*y**2 + 15*y - 276. Let b be o(7). Calculate x(b).
-5
Let h(g) = 14*g**2 + 3*g + 12*g**2 + 2 - 38*g**2 + 11*g**2 + 0. Give h(-3).
-16
Suppose 0 = -t - 4*g - 35 + 66, t + 11 = 3*g. Let w(l) be the first derivative of 1/3*l**3 - t*l - 7/2*l**2 - 2. Give w(7).
-7
Let q(m) = 5*m**2 + 6*m - 1. Let c(r) = -27*r**2 - 32*r + 4. Suppose -b + 0*b - 14 = 5*v, -v = -2*b + 27. Let z(x) = b*q(x) + 2*c(x). Determine z(-3).
0
Let i = -182 - -171. Let a(q) = 5*q - 19. Let x(s) = 3*s - 10. Let t(f) = i*x(f) + 6*a(f). Give t(5).
-19
Let v(y) be the third derivative of -21*y**2 - 5/6*y**3 - 1/120*y**6 + 1/60*y**5 + 0*y + 1/24*y**4 + 0. Give v(0).
-5
Let t(b) = b**3 + 6*b**2 + 5*b - 2. Let a(z) = z. Let q(p) = 5. Let g(n) = 3*a(n) + q(n). Let u be g(-3). Let v be 15/(-6)*(-2 - u). Give t(v).
-2
Let d(r) = -59*r + 2. Let y(w) = -30*w + 1. Let c(h) = -12*d(h) + 26*y(h). What is c(1)?
-70
Let q be (-7359)/12 - 4/(-16). Let i = 606 + q. Let l(m) = 3*m + 2. Determine l(i).
-19
Let b(g) = 1663*g + 53. Let k(f) = 277*f + 9. Let z(j) = b(j) - 6*k(j). Let a = -5 - -3. Let t be (2/2)/(a/8). Determine z(t).
-5
Let k(r) be the first derivative of r**5/120 + 5*r**4/24 - 4*r**3 - 2*r**2 - 6. Let b(j) be the third derivative of k(j). Determine b(-6).
-1
Suppose -2*t - 4*r = -126, -3*t = -4*t - 4*r + 67. Let k = 65 - t. Let d(o) = 149*o - 303*o + 155*o + k. Calculate d(-10).
-4
Suppose 7830 - 7050 = 60*p. Let j(f) = -4*f + 83. Give j(p).
31
Let f(n) = 12*n + 55. Let i = 288 + -293. Let m be f(i). Let k(r) = r**3 + 6*r**2 + 3*r - 4. Give k(m).
6
Let v(m) be the second derivative of m**4/6 + m**2 + 3*m - 287. Let x = 1 + 1. What is v(x)?
10
Let q(k) = -2302*k + 16 - 2296*k + 4597*k. Calculate q(22).
-6
Let h(g) be the third derivative of -g**6/120 + 7*g**5/60 - 7*g**3/6 + 12*g**2 + g. Suppose -j = j - 14. Suppose q = -0*q + j. Calculate h(q).
-7
Let d(w) = -w**3 + 3*w**2 + 6*w - 8. Let o be (4/(-3))/((-84)/252). Calculate d(o).
0
Let j(f) = -2*f**2 + 1. Let c(w) = -4*w**2 + 7*w - 43. Let k(r) = c(r) - 3*j(r). Let b be k(-7). Let u(o) = 2*o + 3. What is u(b)?
9
Let y(r) = 7*r - 24. Let l(p) = p - 11. Let g(w) = 5*l(w) - 2*y(w). Calculate g(1).
-16
Let x(r) be the first derivative of -90 + r**2 + 11/4*r**4 + r + 2/3*r**3. Calculate x(-1).
-10
Suppose -5 + 73 = 4*v. Suppose -4*i - 4*g = g - 29, 3*g = -2*i + v. Let d(r) = -6*r**3 + 7 - 13 + 6 + r + 0. Calculate d(i).
-5
Let w = -59/312 + 37/104. Let c(b) be the third derivative of -3/8*b**4 - w*b**3 + 36*b**2 + 0*b + 0. Give c(1).
-10
Suppose -3 + 5 = 2*j, -4*s + 3*j = -161. Let b(x) = 15*x**2 + 6*x**2 - x + 13*x**2 - s*x**2 - 1. Determine b(-1).
-7
Let d(b) = -10 - 11*b - 12*b**2 + 3*b - 4*b + 6*b**2 + 5*b**2. What is d(-3)?
17
Let j(c) = 3*c + 43. Suppose -40 = -72*y + 77*y. Let z(b) = -2*b - 27. Let i(t) = y*z(t) - 5*j(t). Give i(-2).
-1
Let k be ((-10)/(-15)*3)/1. Let t(b) = b**2 + 4*b**3 - 116 - k*b**2 - 3*b**3 + b + 115. Determine t(0).
-1
Let p(f) = f**2 - 3*f + 4. Let s = -537 + 540. Let r be p(s). Let h(y) be the third derivative of y**6/120 - y**5/12 - y**4/24 + y**3/2 + y**2. Determine h(r).
-17
Let n be 1/(-3) - 3/((-63)/154). Let j(m) = 8*m**2 + 28*m - 41. Let a(z) = 2*z**2 + 9*z - 13. Let s(o) = n*a(o) - 2*j(o). Determine s(4).
-13
Let m = 15319 - 15313. Let j(f) = 13*f - 37. What is j(m)?
41
Let i(m) = 21 - 2*m + m**3 + 0*m**2 - 12 - 8 - m**2. Let a(h) = -5*h**3 - 8*h**2 - h. Let o(t) = -a(t) - 4*i(t). Calculate o(-11).
18
Let s(v) be the third derivative of v**2 + 0*v + 1/120*v**6 + 1/10*v**5 + 2/3*v**3 + 7/24*v**4 + 23. Calculate s(-5).
-6
Let x(p) = p - 88 + 175 - 89. Suppose 2*d = -h - 4, 2*d - 7*h + 11*h + 16 = 0. What is x(d)?
-2
Let k be 1*((-31)/31)/((-1)/4). Suppose -3*a = -7*j + 10*j, 0 = 3*a - k*j - 7. Let x(i) = -32*i**2 + i - 1. Calculate x(a).
-32
Let i = -549 - -921. Let d be 1/(6/15)*i/15. Suppose 12*t + d = -22. Let l(r) = r**3 + 6*r**2 - 7*r - 1. What is l(t)?
-1
Let s(j) be the second derivative of -1/2*j**2 + 0 + 2*j - 1/5*j**5 - 1/12*j**4 + 1/3*j**3. Suppose -3 = 3*u - 3*w, 220*u = 224*u + 5*w - 14. Determine s(u).
-4
Let u = 644 + -642. Let l(h) = 375*h - 185*h - h**u - 191*h - 1. Determine l(-3).
-7
Suppose 0 = -5*w + 4*v + 30 - 0, -5*v = 5*w + 15. Let n(k) = 3*k - 26*k**2 + 15*k**w + 13*k**2 - 42 + 37. Determine n(2).
9
Let s(z) be the first derivative of -11*z + 1/6*z**3 - 2*z**2 + 10. Let y(g) be the first derivative of s(g). Give y(3).
-1
Let f be 10/4*(-682)/155. Let m(n) = -n + 5. Let d be m(10). Let r = d - f. Let i(t) = t**2 - 5*t - 2. What is i(r)?
4
Let w(v) be the third derivative of 0 + 1/4*v**4 - 1/60*v**5 + 0*v - 7/6*v**3 - 17*v**2. What is w(6)?
-7
Let p(h) = 3*h**2 - 5*h. Let g be (18/(-5))/((-342)/(-45) + -8). Let c(w) = -14*w**2 + 20*w + 1. Let n(y) = g*p(y) + 2*c(y). Determine n(-8).
-22
Let d(j) = j + 1. Let z(r) = -70*r - 5 + 140*r - 74*r. Let x(a) = -26*d(a) - 6*z(a). Suppose 3*g = -3*o + 6, 7*g - 3*g = 3*o - 27. Calculate x(g).
10
Let t(w) = -w**3 - 9*w**2 - 9*w + 9. Suppose 4*k = 2*y - 12, -k - y = -0*k. Let j be -1 + k - -2 - (8 - 1). What is t(j)?
17
Let t(x) = 2*x - 2. Suppose 2*p - 2*z = -106, -20*p + 19*p - 5*z = 65. Let f be (p/(-165))/(2/(-18)). Determine t(f).
-8
Let j(p) = -7*p + 0*p + 19*p - 11 - 13*p + 0*p. Give j(11).
-22
Let a(i) be the first derivative of i**6/120 + i**5/5 - 13*i**4/24 - 2*i**3/3 - 6*i**2 + 9. Let z(f) be the second derivative of a(f). Give z(-13).
-4
Let u(a) be the second derivative of 3*a**2 - 5/12*a**4 + a - 1/2*a**3 - 1/20*a**5 + 0. Let b(m) = -m + 1. Let v be b(6). Calculate u(v).
21
Let i be -3*(12 - 280/21). Let f(x) be the first derivative of i*x - 5 - 1/2*x**2. Give f(0).
4
Let p(y) = -y**2 - 83*y - 316. Let j be p(-4). Let f(r) be the third derivative of -r**2 + 1/6*r**4 + 0 + j*r + 0*r**3. What is f(-4)?
-16
Let n(d) be the first derivative of -d**4/4 - 10*d**3/3 - 3*d**2/2 - 37*d + 847. What is n(-10)?
-7
Let h be -2 + (-11 - -2)/9. Suppose 4*b - 2*q + q - 6 = 0, 0 = 5*b - 3*q - 4. Let t(x) = -2 - 1 + b*x**2 + x**3 + x**2. Calculate t(h).
-3
Suppose 2*o - 2*v = 58, -7*o + 2*v = -2*o - 160. Let c(g) = g**3 - 36*g**2 + 69*g - 44. What is c(o)?
-10
Let c(y) be the second derivative of 0 - 114*y - 1/3*y**3 + 4*y**2. Determine c(7).
-6
Let t(k) be the third derivative of k**5/40 + k**4/4 + 20*k**3/3 - 2*k**2 - 14*k. Let w(m) be the first derivative of t(m). Calculate w(-5).
-9
Let l be (-1)/(3/(-8)*2)*(-81594)/(-12088). Let f(o) = -o + 1. Let c(z) = 4*z - 2. Let m(t) = c(t) + 5*f(t). Determine m(l).
-6
Let z(p) = 4*p**2 - 13*p + 72. Let h be z(9). Suppose 0 = -3*w + 303 - h. Let l(v) = v - 9. Calculate l(w).
-1
Let z = 4819 - 4814. Let s(v) be the second derivative of -v**3/2 + 5*v**2/2 + 2*v. Calculate s(z).
-10
Let q(j) = -20*j + 2. Let h(t) = 6*t - 27. Let y(r) = 2*r - 10. Let m(s) = 3*h(s) - 8*y(s). Let z(f) = -4*m(f) - q(f). What is z(-3)?
-34
Let k(r) = -r**2 - 14*r + 18. Suppose 0 = -10*c - 18*c + 84. Suppose 3*d - 2*d = c*i - 20, 5*d = -5*i - 60. Give k(d).
18
Let l(m) = -41 - 10*m**2 - 7*m + 45 + 11*m - 3*m**3. Determine l(-4).
20
Let n(y) be the third derivative of -y**4/24 - 26*y**3/3 - y**2 - 88*y - 17. Calculate n(21).
-73
Let j(g) = 315*g + 90. Let m(a) = -172*a - 49. Let o(k) = 6*j(k) + 11*m(k). Let c be 1 + 1 - 36/2. Let x = -11 - c. Calculate o(x).
-9
Let u = -4 + 0. Let b(m) = -129*m - 42 + 210*m - 91*m. Let s be b(u). Let l(c) = c**3 + c**2 - 2*c. What is l(s)?
0
Let g be ((-10)/(-15) - 0)/2*1227. Let i(c) = 5 - g*c + 207*c + 201*c. What is i(0)?
5
Let h(n) = 4*n**2 - 21 + 89098*n + 89087*n - 178231*n. Give h(12).
3
Let k(c) = 53*c**2 + c**3 - 56*c**2 - 6 - 4 + 2*c. Let b(m) = 2*m**3 - 6*m**2 + 4*m - 18. Let r(y) = -4*b(y) + 7*k(y). Determine r(3).
-4
Let s(a) = a + 7. Let q = 5715 + -5728. Calculate s(q).
-6
Let k(a) = -2*a + 21. Let w(p) = 13*p - 144. Let v be w(12). Give k(v).
-3
Let s(q) be the second derivative of -q**4/3 - 11*q**3/3 - 2*q**2 - 5*q - 2. Let f(a) = a**2 + 7*a + 1. Let v(x) = -7*f(x) - 2*s(x). Calculate v(4).
-3
Suppose 2 - 11 = -3*u. Let p be u/2 + (-1)/(-2). Let c(v) = 3*v**3 - 4*v**3 - 9*v**2 - 3 + 29*v**2 - 503*v + 507*v - 15*v**2 - 6*v**2. Calculate c(p).
-7
Let b(o) = 53 + 19*o + 40 - 207 - o**2 + 44 + 54. What is b(19)